he prime factors of z.
2, 3
Let t be 1/3 - 2204/(-12). Suppose 0 = 4*h - t + 64. List the prime factors of h.
2, 3, 5
Let i be 8 - (2 - 3)/1. Let x(s) = -3*s + 10. Let q be x(i). Let m = 30 + q. List the prime factors of m.
13
Let d be (-1)/(-2)*392/4. Suppose 0 = -5*w + d + 11. List the prime factors of w.
2, 3
Suppose 2*t = -3*l + 17 + 28, 0 = -5*l - 5. What are the prime factors of t?
2, 3
Suppose 5*d = 463 + 137. Suppose 0*q + d = 5*q. Suppose p + 2 = q. List the prime factors of p.
2, 11
Let r = 13 - 9. Let j(a) = r*a + 7*a**2 - 4*a**3 + 5*a**3 + 3 - 2. What are the prime factors of j(-6)?
13
Let j be (-2 - 14/(-6))*12. Let y = j + -4. Suppose -2*x + 2*f = -8, y = 2*x - 5*f + 2*f - 7. List the prime factors of x.
5
Suppose -3*j + 80 = -y - 0*y, -2*y + 5*j - 156 = 0. Let i = y + 97. What are the prime factors of i?
29
Let z = 8 + 1. Let o(v) = v**2 - 7*v - 13. List the prime factors of o(z).
5
Let g(o) = o**2 - 6*o + 5. Let d be g(4). Let m = 5 - d. List the prime factors of m.
2
Let a(v) = -9*v**3 - 5. Let x(q) = 5*q**3 + 2. Let d(i) = -6*a(i) - 11*x(i). What are the prime factors of d(0)?
2
Let s = 6 + -4. Suppose 0 = -0*d - s*d + 10. Let u = -2 + d. What are the prime factors of u?
3
Let d(v) be the third derivative of v**5/60 - v**4/4 - v**2. Let z be d(6). Suppose 0 = 2*x + 2*l - 20, -x + 3*x - 3*l = z. What are the prime factors of x?
2, 3
Let h be (-23 - -1)/(-2 - 0). Suppose -h - 18 = -b - 4*d, 5*b - d = 103. List the prime factors of b.
3, 7
Suppose 0 = y - 3, 2*i + 2*y = y + 115. Suppose 4*v - i = p, -2*v + 3*p - p + 22 = 0. What are the prime factors of v?
3, 5
Suppose 2*l + 2*b - 156 = 0, -3*l + 5*b + 217 + 41 = 0. What are the prime factors of l?
3
Suppose 5*z - 3*z + 122 = -4*m, -3*z = -4*m - 137. What are the prime factors of -2 - (m + (0 - -1))?
29
Suppose -4*w = 3*f - w + 9, -4*w - 20 = -4*f. Let i = f + -2. What are the prime factors of ((-6)/(-7))/(i/(-7))?
2, 3
Let j = -69 + 117. Suppose 0 = 3*x - x - j. Suppose 0 = -3*r - 5*i + x, -8*i + 4*i = 0. List the prime factors of r.
2
Let n be ((-24)/10)/((-3)/10). Suppose 0 = -3*f + n*f - 70. What are the prime factors of f?
2, 7
Suppose -2*u = -3*u + 98. List the prime factors of u.
2, 7
List the prime factors of 1416/60 - (0 - 6/(-10)).
23
List the prime factors of ((-98)/7)/((-2)/4).
2, 7
Let n be (1/(-2))/((-1)/20). Let p(b) = -4*b - 12. Let q be p(-5). Let t = q + n. List the prime factors of t.
2, 3
Suppose -7*p = -2*p - 320. List the prime factors of p.
2
Let x(w) be the first derivative of w**4/4 + w**3 - 3*w**2/2 + 3*w - 2. What are the prime factors of x(-3)?
2, 3
Let j(p) = p + 3. Let n be j(4). Let y = -14 + n. Let i = y + 15. List the prime factors of i.
2
Let n(o) = -o**2 - 11*o - 7. Let v be n(-10). Let l be 1/(1/21*v). Suppose -d + 13 = -2*i, 3*i - l*i + 26 = 2*d. What are the prime factors of d?
13
Let f(b) = b**2 - b + 1. Let i be f(0). Let v(s) = 4*s**2 - i + 2 + 2*s**3 - s**3. What are the prime factors of v(-2)?
3
Let j(p) = 2*p - 10. Let a(n) = -n. Let z(t) = -2*a(t) + j(t). Let m(x) = -4*x + 9. Let g(b) = -4*m(b) - 3*z(b). List the prime factors of g(6).
2, 3
Let d(a) be the second derivative of a**6/360 - a**5/24 + 5*a**4/24 + a**3/6 + 2*a. Let m(h) be the second derivative of d(h). List the prime factors of m(6).
11
Let z(m) = 17*m. Let d be z(1). Let q(s) = -s**2 - 7*s + 5. Let c be q(-7). Suppose c*b = -k, k - 4*b = d + 1. List the prime factors of k.
2, 5
Let h = 20 + -6. Suppose -h = -3*m + 4. List the prime factors of (28/(-3))/(m/(-9)).
2, 7
Suppose -4*j + 6*j - 6 = 0. Suppose -2*p = j*t + 22, -t - p - 12 = 2*p. List the prime factors of 56/6 + (-4)/t.
2, 5
Let n(x) = -2*x**2 + x - 2. Let m be n(2). Let p be 1*(m - 0) + 1. Let s(u) = u**2 + 5*u - 5. List the prime factors of s(p).
3
Let d(o) = -o**3 + 5*o**2 - 5*o + 9. Let i be d(4). Suppose -5*s = u - 37, -3*u + i*s + 37 = -2*u. What are the prime factors of u?
37
Suppose 0 = h - 4*l, -3*h - 2*h + 2*l + 18 = 0. Suppose -60 = -c - h*c. List the prime factors of c.
2, 3
Let s = -15 + 11. Let n(l) be the first derivative of -l**3/3 - 3*l**2 - 1. List the prime factors of n(s).
2
Let d(b) = b. Let r be d(-4). Let x = -2 - 4. What are the prime factors of (r - x)*(2 - 0)?
2
Let r(s) = s**3 - 7*s**2 + s - 8. Let x be r(7). Suppose -2*p + 48 - 15 = 5*f, 5*p - f - 42 = 0. Let q = p + x. List the prime factors of q.
2
Suppose 9*j - 11*j + 240 = 0. List the prime factors of j.
2, 3, 5
Suppose 0*g = g + 4*z - 59, -g - 3*z = -63. List the prime factors of g.
3, 5
Let w(d) = 16*d**2 - d + 2. List the prime factors of w(-2).
2, 17
What are the prime factors of 1/(6/1434 + 0)?
239
Let s(d) = 3*d**2. Let a be s(-2). Let y = -18 + a. Let l(x) = x**2 + 3*x - 5. What are the prime factors of l(y)?
13
Suppose -4*d - 132 = -4*m, 6*m - 2*m = -5*d + 168. Suppose 4*n - 35 = 3*l, -4*n = -3*l - 2*l - m. What are the prime factors of n?
2
Let w(s) = -s + 5. Let r be ((-2)/(-3))/((-2)/(-12)). Let u be w(r). List the prime factors of 3/u*(0 - -2).
2, 3
Let d be (-1)/(((-15)/(-72))/(-5)). Suppose -44 = -4*p + d. List the prime factors of p.
17
Suppose z - 3*z + 6 = 0. Suppose -z*x + 6*x = -3. Let i = 3 + x. List the prime factors of i.
2
Suppose 2*l - 18 = 5*g - 3*g, 0 = -3*l + 2*g + 23. List the prime factors of l*2/(-3)*-3.
2, 5
Let i(a) = 2*a**2 + 3*a - 2. Suppose 2*f - 2 = -4*b, -b = -f + 3*f - 8. Suppose -f*m - 15 + 0 = 0. List the prime factors of i(m).
7
Let c(g) = -g**3 + 2*g**2 + 3*g + 2. Let n be c(3). Suppose 0 = l - 19 + n. List the prime factors of l.
17
Let b = -47 + 81. What are the prime factors of b?
2, 17
Let k = -20 + 27. Let f(y) = y**2 - 3. Let p be f(-4). Suppose -2*c = -k - p. What are the prime factors of c?
2, 5
Let s = -181 + 276. List the prime factors of s.
5, 19
Let h(i) = -i**2 - 9*i + 8. What are the prime factors of h(-5)?
2, 7
Suppose 0*u + 2*u + 4 = 0. What are the prime factors of ((-32)/(-12))/(u/(-3))?
2
Let v(g) = g**3 - 2*g**2 - g - 2. Let t be v(3). Let w(c) = c**3 - 3*c**2 + 3*c - 4. List the prime factors of w(t).
2, 3
Suppose -7*g = -2*g - 180. What are the prime factors of g?
2, 3
Suppose -3*j + 7 + 20 = 0. Let r(d) = d - 2. List the prime factors of r(j).
7
Let x = -70 - -186. What are the prime factors of x?
2, 29
Let u(x) = -2*x**3 - 11*x**2 + 10*x + 22. What are the prime factors of u(-8)?
2, 131
Suppose 4*z = j - 10, 0 = 4*j - 5*j + 3*z + 7. What are the prime factors of j/9 + 29/9?
3
Let v be 102/(-5) - 3/5. Let w = 34 + v. Suppose -3 = -4*k - 5*f + 14, 3*k + 4*f - w = 0. List the prime factors of k.
3
Let v = 3 - 9. List the prime factors of ((-16)/(-2))/((-3)/v).
2
Suppose 2*o + 0*o = -2*d + 30, -3*d + 4*o + 52 = 0. Suppose r + d = 2*r. What are the prime factors of r?
2
Let i be (-220)/12 - (-6)/(-9). Suppose -5*o - 67 + 27 = 0. Let p = o - i. What are the prime factors of p?
11
Suppose 3*b - y + 25 = 0, -3*b - 5*y - 1 + 0 = 0. Let o(f) = -f - 2. List the prime factors of o(b).
5
Suppose -4*n + 10 = 2. Let u be (-114)/(-15) - n/(-5). Let m(w) = -w**3 + 9*w**2 - 6*w - 7. List the prime factors of m(u).
3
Let q(v) = -31*v + 1. Let h = -4 - -3. Let r be q(h). Suppose x + 5 - r = -3*d, 2 = -d - 4*x. What are the prime factors of d?
2, 5
Let o = -103 + 350. Suppose 5*z + 95 = -r + 3*r, 3*z + o = 5*r. What are the prime factors of r?
2, 5
Let i(a) = a**3 + 3*a**2 - 2*a - 1. Suppose 0 = -4*h + 1 - 13. Let l be 2*(-1)/(-2)*h. List the prime factors of i(l).
5
Let n(p) = -p + 2. Let g be n(-3). Suppose 0*t - 191 = -g*t - v, 0 = -5*t + 3*v + 187. List the prime factors of t.
2, 19
Let i(l) be the second derivative of 31*l**3/6 + 3*l**2/2 + 2*l. List the prime factors of i(1).
2, 17
Let n be 0/((-6)/(-9)*3). Suppose n*c - 2*c = -4. List the prime factors of c.
2
Suppose 10*d - 195 = 5*d. What are the prime factors of d?
3, 13
Let l = 8 - 2. Let p = l - 3. Suppose -3*n + j + 40 = 2*n, p*j + 3 = 2*n. What are the prime factors of n?
3
Let s(k) be the second derivative of k**4/12 + k**2 + 3*k. List the prime factors of s(0).
2
Suppose -7 = -2*s - 3*t, s - t = -0*s + 6. Let c = s - -5. List the prime factors of c.
2, 5
Let f be (-6 - 0) + 3/3. What are the prime factors of 4*5 + 9 + f?
2, 3
Suppose -33 + 5 = -4*b. Let y = b + 22. Suppose -7 = -o + z, 3*o = 3*z - 8*z + y. List the p